e factors of z.
11
Let o be (-3)/(6/(-38)) - -1. Suppose 25 = 3*d - 5*w, 5*d = -w + 31 + o. List the prime factors of d.
2, 5
Let r = 7 + -5. What are the prime factors of 2/((-4)/(-5))*r?
5
Let z(d) = d**3 + 15*d**2 + 15*d + 22. Let w be z(-14). Let f(v) = -v + 8. Let a be f(6). Suppose m = a + w. List the prime factors of m.
2, 5
Suppose -4*h = -2*h - 10. Suppose 5*m - 2*m - 1 = s, 5*s - 5 = h*m. What are the prime factors of 35/s*(-12)/(-15)?
2, 7
Suppose -639 = -7*t - 121. What are the prime factors of t?
2, 37
Let k(j) = j**2 - 4*j + 2. Let p be k(5). Suppose 0 = -x + 3*r - 2*r + p, 5*r + 21 = -2*x. What are the prime factors of 9/x*(-8)/(-6)?
2, 3
Let g(m) = -m**3 - 3*m**2 + 2*m - 4. Let c be g(-4). Suppose 2 = -d + c. List the prime factors of 9/(-1 + d + 0).
3
Let s = 19 - 15. Suppose 0*j + s*j - 48 = 0. List the prime factors of j.
2, 3
Let q = -2 - -2. Let o(l) = l**2 + 3*l + 3. Let g be o(-3). Suppose q = -2*d + g*d - 6. List the prime factors of d.
2, 3
Let q(u) = -u - 2. Let w be q(-1). Let c = 1 - w. List the prime factors of c.
2
Let a = 59 - 14. Suppose -a = -3*o - 3*q, 47 = 4*o + 3*q - 8. What are the prime factors of o?
2, 5
Suppose 5*q = -2*d + 56, -q + 4*q - 28 = -4*d. Let r be (-22)/3*3/(-1). Let f = r - q. List the prime factors of f.
2, 5
Let v(c) = 16*c**2 - 6*c + 2. Let b(h) = 33*h**2 - 13*h + 4. Let k(l) = -3*b(l) + 7*v(l). Let t be k(2). Suppose 2*j + t = 6*j. What are the prime factors of j?
2, 3
What are the prime factors of 2/10 + 208/10?
3, 7
Let h(p) = -5*p - 15. Suppose 3*n - 7*n - 40 = 0. What are the prime factors of h(n)?
5, 7
Suppose 4*f = -3*z + 528, 5*z = -4*f + 2*f + 866. List the prime factors of z.
2, 43
Let d(v) = v**2 - 10*v - 4. Let x be d(9). List the prime factors of (-89)/x + 8/52.
7
Let h(z) be the first derivative of -2*z**2 - 3*z + 2. List the prime factors of h(-4).
13
Let k(x) = -2*x + 18*x**3 + 1 - 3*x**2 + 3*x**2 - 4*x**3. What are the prime factors of k(1)?
13
Let z = -4 - -7. Suppose 8*i - z*i = -10. Let n = 5 + i. What are the prime factors of n?
3
Let o be 1/2 + (-6)/(-4). Suppose -d = -o*g + 16, -3 = -d - 7. What are the prime factors of g?
2, 3
Let d = 2 + 3. Suppose -y + 17 = -d*g, -3*y + 0*y = -g - 23. What are the prime factors of y?
7
Suppose 3*x + 40 = 280. Suppose j = 6*j - x. List the prime factors of j.
2
Let q be 320/(-56) - 2/7. Let x = q - -10. Suppose 0 = j + x*j - 10. What are the prime factors of j?
2
Suppose 4*q - 22 = 6. Let w = q + -3. Suppose -2*d - 3*d + 3*h + 39 = 0, 4*h = -w*d + 12. List the prime factors of d.
2, 3
Let v = 49 - 35. Suppose -w = -3*w + v. List the prime factors of w.
7
Let a = -5 - -7. List the prime factors of a.
2
Let a(g) be the first derivative of 3*g**4/8 - g**3/2 + g**2/2 + 4. Let k(t) be the second derivative of a(t). What are the prime factors of k(2)?
3, 5
Let d = 4 + -3. Let w = d - -1. Suppose -3*u = q - 7 - 7, -w*q = u - 3. List the prime factors of u.
5
Let y(f) = f**3 + 8*f**2 + 4*f + 2. What are the prime factors of y(-7)?
23
Suppose 2*j - 42 - 2 = 0. Let p = j + -11. What are the prime factors of p?
11
What are the prime factors of 9/(-18) - (-2)/(-4)*-111?
5, 11
Let l(m) = 7*m - 2. Let t be l(3). Suppose -2*i = -q + t, 3*q + 4*i = -i + 2. List the prime factors of q.
3
Suppose -3*m + 27 + 0 = 0. What are the prime factors of m?
3
Suppose -15 = -3*v + 63. Suppose -k = 4*i + 103, -4*k - 8 = 2*i + v. Let l = i - -38. List the prime factors of l.
11
Let r(p) = p**2 + 2*p - 1. Let v(q) = 2*q**2 + 2*q - 1. Let a(t) = -3*r(t) + 2*v(t). List the prime factors of a(4).
3
Suppose 5*j + 3 = 2*j, 4*m - 3*j - 7 = 0. Let c = m - -1. List the prime factors of c.
2
Let l be (7/4)/((-1)/12). Let b = 45 + l. List the prime factors of b.
2, 3
Let z(x) = -x**2 + x + 33. List the prime factors of z(0).
3, 11
Let x = 6 - 2. Suppose 2*j + r - 5 = -0*r, -30 = -4*j + 2*r. Let f = j + x. List the prime factors of f.
3
Let q(w) = w**3 + 2*w**2 - 2*w + 2. Let z be q(-3). Let v = 8 - z. What are the prime factors of v?
3
Let j = 23 - 20. What are the prime factors of j?
3
Suppose -d + 11 + 6 = 0. List the prime factors of d.
17
Let f(p) = 1 - 4*p - 1 + 3*p**2 + 1 - 2*p**2. What are the prime factors of f(5)?
2, 3
Let z(c) = -c - 7 + 4*c + 2*c + 2*c**2 + c. What are the prime factors of z(-5)?
13
Let l(c) = -5*c + 3. Let v = -6 - -2. List the prime factors of l(v).
23
Let r(m) = 6*m**2 + 3. Let s be r(-3). Let o = -12 + s. List the prime factors of o.
3, 5
Let z(m) be the second derivative of -m**4/12 + 5*m**3/6 - 2*m**2 + m. Let f be z(3). Suppose 3*t - 10 = f*t. List the prime factors of t.
2, 5
Let n be (-18)/(-4) - 3/(-2). Suppose 3 = y - n. List the prime factors of y.
3
Let f = -12 + 9. List the prime factors of 0 + (-4 - f) - -5.
2
Let w = 180 + 123. What are the prime factors of w?
3, 101
Let f(q) = 16*q + 1. Let u be f(5). What are the prime factors of 4/(-8) + u/6?
13
Let n(x) = -x**3 + 11*x**2 + 16*x + 14. What are the prime factors of n(12)?
2, 31
Let v = -8 - -19. Let g = v - 7. List the prime factors of g.
2
Let h(o) be the second derivative of 0 + 2*o + 1/12*o**4 - 2/3*o**3 - 3*o**2. List the prime factors of h(6).
2, 3
Suppose 0*v = -2*v. Let j(k) = v*k + 3 + 4*k - 5*k. List the prime factors of j(-7).
2, 5
Suppose -3 = -4*l + 1. Let x be (3 + 3)/2*l. Suppose 0 = 5*z + 3*w - 92, z - 16 = x*w - 6*w. What are the prime factors of z?
19
What are the prime factors of 4 - 84/(-1 + -3)?
5
Let l(v) = v**3 + 5*v**2 - 8*v - 3. Let b be l(-6). Suppose 2*f = -2*f - 3*h + 19, 0 = 3*f - 3*h - b. What are the prime factors of f*(27/(-12))/(-1)?
3
Let r be (-2)/12 + 633/18. Let z(d) = -3*d - 1. Let p be z(-2). Suppose -5*l + r = -p. List the prime factors of l.
2
Let c(s) = s**2 + 8*s + 10. Let u be c(-7). Suppose -3*z + 2*w - 3*w = -158, -3*w = u*z - 168. What are the prime factors of z?
3, 17
Let i = 62 + -9. Let w = i + -38. List the prime factors of (-1)/5 + 93/w.
2, 3
What are the prime factors of (-9)/(-45) + 1208/10?
11
Let x(o) be the third derivative of o**4/12 - o**3/2 - 2*o**2. Let r be x(3). Suppose -k + r + 3 = 0. List the prime factors of k.
2, 3
Let g be ((2 + -3)*3)/(-1). Suppose 5*n - 50 = -5*s, 2*s + 19 = 4*s + g*n. List the prime factors of s.
11
Suppose 7*v - 8*v - 15 = 0. Let g = v + 17. What are the prime factors of g?
2
Let d(p) = -p**2 - 11*p - 6. Let x be d(-7). What are the prime factors of (-1)/(x/(-10) + 2)?
5
Let c be 4*1*(-1)/(-4). What are the prime factors of c/(-1) - (-18 + 1)?
2
Suppose -3*j + 76 = 4*s, 2 = -3*s + 5. What are the prime factors of j?
2, 3
Let l(a) = -a**2 - 44. Let v be l(0). List the prime factors of (-4)/2*v/8.
11
List the prime factors of (-1)/(1/(-55)) - 1.
2, 3
Let n(d) = -d**2 + 34*d + 37. What are the prime factors of n(18)?
5, 13
Let q(x) = x**3 - 5*x**2 - 6*x + 3. Let w be q(6). Let g be ((-3)/(-9))/((-1)/w). What are the prime factors of (3 + -2)*(g + 12)?
11
Suppose -5*k + 3 = 8. Let l(o) = 18*o**2 - 2*o - 1. Let b be l(k). Let z = -9 + b. List the prime factors of z.
2, 5
Let l = -31 - -23. Let k be (2 - 3)*(14 + 1). Let c = l - k. What are the prime factors of c?
7
Suppose -j - 3*g + 12 = 0, 2*j + g - 23 = 11. What are the prime factors of j?
2, 3
Suppose 3*v - 2*v - 5 = 0. Suppose -2*s + 2*p = 2, -2 = -v*s + 2*p + 5. What are the prime factors of s?
3
Suppose 3*m = -5*g - 142, 0*g - 174 = 3*m - 3*g. Let p = -4 - m. Suppose -5*b = 5*d - p, -36 = 2*b - 4*b + 2*d. What are the prime factors of b?
2, 7
Let m(t) = t**2 - 1. Let h be m(2). Suppose 0 = 2*j - 13 + h. List the prime factors of j.
5
Suppose q - 3*q = -14. List the prime factors of q.
7
Suppose -5*f + 4*q = 6*q - 530, 0 = 3*q. List the prime factors of f.
2, 53
Suppose -2 = 2*n - 4*q + q, 2*n = q + 6. Suppose 0 = -4*u - n*f + 10 + 50, 4 = f. What are the prime factors of u?
2, 5
Let x(m) = -2*m**3 - m**2 - 2*m - 1. Let j be x(-1). Suppose -1 = j*v - 5. Suppose i + t - 26 = -i, -v*t = -4*i + 60. List the prime factors of i.
2, 7
Suppose 0 = -3*f + 5*f - 38. Suppose 2*s - 1 = u - 2, -2*s - f = -3*u. List the prime factors of u.
3
Suppose 2*p = -0*p. Suppose p = v - 6 + 1. Suppose 0 = -v*g - 0*g + 85. List the prime factors of g.
17
Let u be -4 - -2 - 4/(-2). Suppose u = 3*h + h - 40. What are the prime factors of h?
2, 5
Let g = 11 - 19